{"id":192,"date":"2020-09-20T17:58:23","date_gmt":"2020-09-20T15:58:23","guid":{"rendered":"http:\/\/iswing.fr\/?page_id=192"},"modified":"2025-11-25T15:23:50","modified_gmt":"2025-11-25T14:23:50","slug":"flying-cool-cats-2","status":"publish","type":"page","link":"https:\/\/iswing.fr\/?page_id=192","title":{"rendered":"Flying Cool Cats"},"content":{"rendered":"\n<p><em>La Swing Dance Team<\/em><\/p>\n\n\n\n<p><em> La formation \u00e0 \u00e9t\u00e9 cr\u00e9e en 1999 et est constitu\u00e9e de danseurs form\u00e9s par Phil. Son but est de faire d\u00e9couvrir les danses Swing telles qu&#8217;elles \u00e9taient dans\u00e9es dans les ann\u00e9es fortes de l\u2019\u00e8re du Swing. Nous cherchons \u00e0 respecter le style de ces danses afin de vous faire d\u00e9couvrir cet univers de joie et de partage.&nbsp;Lindy&nbsp;Hop, Acrobaties,&nbsp;Charleston,&nbsp;Shag&nbsp;et&nbsp;Balboa&nbsp;font&nbsp;partie&nbsp;de&nbsp;leur&nbsp;r\u00e9pertoire.<\/em><\/p>\n\n\n\n<p>Les Flying Cool Cats 2025 : Phil, Amandine, Steph, Cathy, Gauthier, Pierre, JC et Christina.<\/p>\n\n\n\n<p><em> Vous voulez animer votre soir\u00e9e de Club ou Priv\u00e9e&nbsp;? N&#8217;h\u00e9sitez&nbsp;plus&nbsp;contactez&nbsp;nous.<\/em><\/p>\n\n\n\n<p><em>Vous voulez voir un aper\u00e7u de ce que nous proposons ? <a href=\"http:\/\/iswing.fr\/?page_id=14\">Ciquez ici<\/a><\/em><\/p>\n\n\n\n<p class=\"has-text-align-left\"><em>Nous&nbsp;proposons&nbsp;un&nbsp;large&nbsp;\u00e9ventail&nbsp;de&nbsp;formules&nbsp;de&nbsp;d\u00e9mos&nbsp;et&nbsp;d&#8217;initiations&nbsp;adapt\u00e9es \u00e0&nbsp;tous&nbsp;les&nbsp;budgets.<\/em><\/p>\n\n\n\n<figure class=\"wp-block-video aligncenter\"><video controls src=\"https:\/\/iswing.fr\/wp-content\/uploads\/2023\/06\/FCC-@-Saint-Doul-Swing-2023-FB-1.mp4\"><\/video><figcaption class=\"wp-element-caption\">Les Flying Cool Cats\u2026 Extraits de leur Show\u2026 Saint Doul&#8217;Swing Festival 2023<\/figcaption><\/figure>\n\n\n\n<figure class=\"wp-block-gallery aligncenter has-nested-images columns-1 wp-block-gallery-1 is-layout-flex wp-block-gallery-is-layout-flex\">\n<figure class=\"wp-block-image size-large\"><img loading=\"lazy\" decoding=\"async\" width=\"1024\" height=\"683\" data-id=\"5492\" src=\"https:\/\/iswing.fr\/wp-content\/uploads\/2025\/06\/JC-Peyrard-IMG_2711-Web-1024x683.jpg\" alt=\"\" class=\"wp-image-5492\" srcset=\"https:\/\/iswing.fr\/wp-content\/uploads\/2025\/06\/JC-Peyrard-IMG_2711-Web-1024x683.jpg 1024w, https:\/\/iswing.fr\/wp-content\/uploads\/2025\/06\/JC-Peyrard-IMG_2711-Web-300x200.jpg 300w, https:\/\/iswing.fr\/wp-content\/uploads\/2025\/06\/JC-Peyrard-IMG_2711-Web-768x512.jpg 768w, https:\/\/iswing.fr\/wp-content\/uploads\/2025\/06\/JC-Peyrard-IMG_2711-Web-1536x1024.jpg 1536w, https:\/\/iswing.fr\/wp-content\/uploads\/2025\/06\/JC-Peyrard-IMG_2711-Web-2048x1365.jpg 2048w\" sizes=\"auto, (max-width: 767px) 89vw, (max-width: 1000px) 54vw, (max-width: 1071px) 543px, 580px\" \/><figcaption class=\"wp-element-caption\">The Flying Cool Cats<\/figcaption><\/figure>\n<\/figure>\n\n\n\n<p><\/p>\n\n\n<div class=\"wp-block-image is-resized\">\n<figure class=\"aligncenter\"><img loading=\"lazy\" decoding=\"async\" width=\"768\" height=\"1024\" src=\"http:\/\/iswing.fr\/wp-content\/uploads\/2020\/10\/FFCs-Dog-Tags-768x1024.jpg\" alt=\"\" class=\"wp-image-289\" srcset=\"https:\/\/iswing.fr\/wp-content\/uploads\/2020\/10\/FFCs-Dog-Tags-768x1024.jpg 768w, https:\/\/iswing.fr\/wp-content\/uploads\/2020\/10\/FFCs-Dog-Tags-225x300.jpg 225w\" sizes=\"auto, (max-width: 767px) 89vw, (max-width: 1000px) 54vw, (max-width: 1071px) 543px, 580px\" \/><figcaption class=\"wp-element-caption\"><strong>FCC&#8217;s Dog Tags ( Early WWII Type ) <\/strong><\/figcaption><\/figure><\/div>\n\n\n<figure class=\"wp-block-image\"><img loading=\"lazy\" decoding=\"async\" width=\"675\" height=\"900\" src=\"http:\/\/iswing.fr\/wp-content\/uploads\/2020\/10\/max_7182970461.jpg\" alt=\"\" class=\"wp-image-241\" srcset=\"https:\/\/iswing.fr\/wp-content\/uploads\/2020\/10\/max_7182970461.jpg 675w, https:\/\/iswing.fr\/wp-content\/uploads\/2020\/10\/max_7182970461-225x300.jpg 225w\" sizes=\"auto, (max-width: 675px) 100vw, 675px\" \/><figcaption class=\"wp-element-caption\">Phil =^.^=<\/figcaption><\/figure>\n\n\n\n<p><strong><em>Les Rookies :<\/em><\/strong><\/p>\n\n\n\n<p>    <em>Les Rookies sont les \u00e9l\u00e8ves de Phil en formation pour faire partie des Flying\u00a0Cool\u00a0Cats.<\/em><\/p>\n\n\n\n<p class=\"has-small-font-size\"><em><strong>Promo 2025-2026 :<\/strong><\/em> <em>Yohann D<\/em>, Julie M, Isabelle T.<\/p>\n\n\n\n<p><strong><em>Contact :<\/em><\/strong><\/p>\n\n\n\n<p><strong><em>Mail<\/em><\/strong><em><br><a href=\"mailto:iswing@sfr.fr\">iswing@sfr.fr<\/a><\/em><\/p>\n\n\n\n<p><strong><em>Tel :<\/em><\/strong><em><br>06 84 48 68 31<\/em><\/p>\n\n\n<div class=\"wp-block-image\">\n<figure class=\"aligncenter\"><img loading=\"lazy\" decoding=\"async\" width=\"257\" height=\"300\" src=\"http:\/\/iswing.fr\/wp-content\/uploads\/2021\/08\/Logo-FCC-2021-257x300.jpg\" alt=\"\" class=\"wp-image-5240\" srcset=\"https:\/\/iswing.fr\/wp-content\/uploads\/2021\/08\/Logo-FCC-2021-257x300.jpg 257w, https:\/\/iswing.fr\/wp-content\/uploads\/2021\/08\/Logo-FCC-2021-768x896.jpg 768w, https:\/\/iswing.fr\/wp-content\/uploads\/2021\/08\/Logo-FCC-2021-878x1024.jpg 878w\" sizes=\"auto, (max-width: 257px) 100vw, 257px\" \/><figcaption class=\"wp-element-caption\"><strong>&nbsp;            Keep Swingin&#8217; with the FCC<\/strong><\/figcaption><\/figure><\/div>\n\n\n<p><\/p>\n","protected":false},"excerpt":{"rendered":"<p>La Swing Dance Team La formation \u00e0 \u00e9t\u00e9 cr\u00e9e en 1999 et est constitu\u00e9e de danseurs form\u00e9s par Phil. Son but est de faire d\u00e9couvrir les danses Swing telles qu&#8217;elles \u00e9taient dans\u00e9es dans les ann\u00e9es fortes de l\u2019\u00e8re du Swing. Nous cherchons \u00e0 respecter le style de ces danses afin de vous faire d\u00e9couvrir cet &hellip; <\/p>\n<p class=\"link-more\"><a href=\"https:\/\/iswing.fr\/?page_id=192\" class=\"more-link\">Continue reading<span class=\"screen-reader-text\"> &#8220;Flying Cool Cats&#8221;<\/span><\/a><\/p>\n","protected":false},"author":1,"featured_media":0,"parent":0,"menu_order":3,"comment_status":"closed","ping_status":"closed","template":"","meta":{"footnotes":""},"class_list":["post-192","page","type-page","status-publish","hentry"],"_links":{"self":[{"href":"https:\/\/iswing.fr\/index.php?rest_route=\/wp\/v2\/pages\/192","targetHints":{"allow":["GET"]}}],"collection":[{"href":"https:\/\/iswing.fr\/index.php?rest_route=\/wp\/v2\/pages"}],"about":[{"href":"https:\/\/iswing.fr\/index.php?rest_route=\/wp\/v2\/types\/page"}],"author":[{"embeddable":true,"href":"https:\/\/iswing.fr\/index.php?rest_route=\/wp\/v2\/users\/1"}],"replies":[{"embeddable":true,"href":"https:\/\/iswing.fr\/index.php?rest_route=%2Fwp%2Fv2%2Fcomments&post=192"}],"version-history":[{"count":127,"href":"https:\/\/iswing.fr\/index.php?rest_route=\/wp\/v2\/pages\/192\/revisions"}],"predecessor-version":[{"id":5506,"href":"https:\/\/iswing.fr\/index.php?rest_route=\/wp\/v2\/pages\/192\/revisions\/5506"}],"wp:attachment":[{"href":"https:\/\/iswing.fr\/index.php?rest_route=%2Fwp%2Fv2%2Fmedia&parent=192"}],"curies":[{"name":"wp","href":"https:\/\/api.w.org\/{rel}","templated":true}]}}