{"id":14,"date":"2020-09-13T16:00:12","date_gmt":"2020-09-13T14:00:12","guid":{"rendered":"http:\/\/iswing.fr\/?page_id=14"},"modified":"2024-06-20T12:45:26","modified_gmt":"2024-06-20T10:45:26","slug":"videos","status":"publish","type":"page","link":"https:\/\/iswing.fr\/?page_id=14","title":{"rendered":"Vid\u00e9os"},"content":{"rendered":"\n<p> Les Flying Cool Cats partagent \u00e9nergie, sourires et le Style de Lindy Hop &#8220;Savoy&#8221;,  cher \u00e0 Monsieur Frankie Manning. Ce style qui nous fait r\u00eaver.<\/p>\n\n\n\n<p> Nous cherchons \u00e0 rester fid\u00e8le \u00e0 l&#8217;enseignement des danseurs des ann\u00e9es 30-40 sans concession aucune au modernisme. <\/p>\n\n\n\n<figure class=\"wp-block-video aligncenter\"><video controls src=\"http:\/\/iswing.fr\/wp-content\/uploads\/2020\/10\/Norma-about-me-.mov\"><\/video><figcaption>Norma Miller THE Queen of Swing, Interview au Swingin&#8217; Milan ( Phil sur la vid\u00e9o )<\/figcaption><\/figure>\n\n\n\n<figure class=\"wp-block-video aligncenter\"><video controls src=\"http:\/\/iswing.fr\/wp-content\/uploads\/2021\/08\/La-JAM-@-Mogador-2019.mp4\"><\/video><figcaption>Carte Blanche \u00e0 Phil par le Th\u00e9\u00e2tre Mogador de Paris. After Swing 200e Chicago. La Jam \u00e0 250 bpm.<\/figcaption><\/figure>\n\n\n\n<figure class=\"wp-block-video\"><video controls poster=\"http:\/\/iswing.fr\/wp-content\/uploads\/2024\/06\/06042024-_DSC3287.jpg\" src=\"https:\/\/iswing.fr\/wp-content\/uploads\/2024\/06\/FCC-Douai-2024-v7-xxs.mp4\"><\/video><figcaption>Douai pour le Swing 2024<\/figcaption><\/figure>\n\n\n\n<figure class=\"wp-block-video aligncenter\"><video controls poster=\"http:\/\/iswing.fr\/wp-content\/uploads\/2023\/06\/IMG_9171-gigapixel-standard-scale-2_00x.jpg\" src=\"https:\/\/iswing.fr\/wp-content\/uploads\/2023\/06\/FCC-@-Saint-Doul-Swing-2023-FB.mp4\"><\/video><figcaption>Saint Doul&#8217;Swing 2023<\/figcaption><\/figure>\n\n\n\n<figure class=\"wp-block-video aligncenter\"><video controls poster=\"http:\/\/iswing.fr\/wp-content\/uploads\/2023\/06\/PHOTO-2023-04-02-12-41-45.jpg\" src=\"https:\/\/iswing.fr\/wp-content\/uploads\/2023\/06\/Douai-pour-les-FCC-2023-v2-2.mp4\"><\/video><figcaption>Douai pour le Swing 2023<\/figcaption><\/figure>\n\n\n\n<figure class=\"wp-block-video aligncenter\"><video controls poster=\"http:\/\/iswing.fr\/wp-content\/uploads\/2023\/06\/11o-Swing-Phenomenom-copie.jpg\" src=\"http:\/\/iswing.fr\/wp-content\/uploads\/2021\/08\/Bart-26Baker-feat-Nicolle-Rochelle-The-Swing-Phenomenon-XL-1.mp4\"><\/video><figcaption>Swing Phenomenon &#8211; Nicole Rochelle feat Les Flying Cool Cats<\/figcaption><\/figure>\n\n\n\n<figure class=\"wp-block-video aligncenter\"><video controls src=\"http:\/\/iswing.fr\/wp-content\/uploads\/2020\/09\/Shim-Sham-Revisited.mov\"><\/video><figcaption>Shim Sham pour le Rotary Club \u00e0 Coudekerque<\/figcaption><\/figure>\n\n\n\n<figure class=\"wp-block-video aligncenter\"><video controls poster=\"http:\/\/iswing.fr\/wp-content\/uploads\/2021\/08\/Logo-FCC-2021.jpg\" src=\"http:\/\/iswing.fr\/wp-content\/uploads\/2021\/08\/Amandine-et-Phil-Promo.mp4\"><\/video><figcaption>Jumpin&#8217; With Rhythm.<\/figcaption><\/figure>\n","protected":false},"excerpt":{"rendered":"<p>Les Flying Cool Cats partagent \u00e9nergie, sourires et le Style de Lindy Hop &#8220;Savoy&#8221;, cher \u00e0 Monsieur Frankie Manning. Ce style qui nous fait r\u00eaver. Nous cherchons \u00e0 rester fid\u00e8le \u00e0 l&#8217;enseignement des danseurs des ann\u00e9es 30-40 sans concession aucune au modernisme.<\/p>\n","protected":false},"author":1,"featured_media":0,"parent":0,"menu_order":0,"comment_status":"closed","ping_status":"closed","template":"","meta":{"footnotes":""},"class_list":["post-14","page","type-page","status-publish","hentry"],"_links":{"self":[{"href":"https:\/\/iswing.fr\/index.php?rest_route=\/wp\/v2\/pages\/14","targetHints":{"allow":["GET"]}}],"collection":[{"href":"https:\/\/iswing.fr\/index.php?rest_route=\/wp\/v2\/pages"}],"about":[{"href":"https:\/\/iswing.fr\/index.php?rest_route=\/wp\/v2\/types\/page"}],"author":[{"embeddable":true,"href":"https:\/\/iswing.fr\/index.php?rest_route=\/wp\/v2\/users\/1"}],"replies":[{"embeddable":true,"href":"https:\/\/iswing.fr\/index.php?rest_route=%2Fwp%2Fv2%2Fcomments&post=14"}],"version-history":[{"count":34,"href":"https:\/\/iswing.fr\/index.php?rest_route=\/wp\/v2\/pages\/14\/revisions"}],"predecessor-version":[{"id":5463,"href":"https:\/\/iswing.fr\/index.php?rest_route=\/wp\/v2\/pages\/14\/revisions\/5463"}],"wp:attachment":[{"href":"https:\/\/iswing.fr\/index.php?rest_route=%2Fwp%2Fv2%2Fmedia&parent=14"}],"curies":[{"name":"wp","href":"https:\/\/api.w.org\/{rel}","templated":true}]}}